d by i.
10
Suppose 3*t + 3 = 24. Suppose 0 = -w - 4*r - 4 - 14, -2*w - 21 = 5*r. What is the remainder when t is divided by w?
1
Suppose -26*o + 29*o = 39. Suppose 2*g + 2*k = 20, -4*g = -g - 2*k - 5. What is the remainder when o is divided by g?
3
Let u = 102 - 99. Suppose -3*y + 39 - 9 = 0. Calculate the remainder when y is divided by u.
1
Suppose -4*f = -4*p + 64, -5*p + f = 4*f - 40. What is the remainder when 42 is divided by p?
9
What is the remainder when 66 is divided by (-14)/(-21)*-1 - 53/(-3)?
15
What is the remainder when 16 is divided by (8/(-16))/(2/(-28))?
2
Suppose -120 = -5*a - 45. Let z = 18 - a. What is the remainder when 9 is divided by z?
0
Calculate the remainder when 461/9 - (-2)/(-9) is divided by ((-11 - 2) + 0)/((-5)/5).
12
Let f(o) = o**3 + 8*o**2 + 7*o + 7. Suppose 3 = 4*q + 31. What is the remainder when 19 is divided by f(q)?
5
Suppose -212 = u - 5*u. Calculate the remainder when u is divided by 14.
11
Let t be 1*(-2 + (0 - -2)). Let b be -1 + 110 - (-1 + t). Suppose 4*o - b = -o - v, -5*o - 4*v = -95. Calculate the remainder when o is divided by 12.
11
Let a(c) = -c**3 + 4*c**2 + 5*c + 4. Let o = 11 + -8. What is the remainder when (10/o)/(6/18) is divided by a(5)?
2
Let p = 10 + 2. Calculate the remainder when p is divided by (1/(-2))/(10/(-140)).
5
Suppose k = 4*d - k - 54, -42 = -3*d + 2*k. Let t(x) = -12*x - 5. Let m be t(-4). Let o = m - 20. Calculate the remainder when o is divided by d.
11
Let k(p) = -p + 2. Let o be k(3). Let t be (2 + -1)*(-20 + 23). Calculate the remainder when 11 is divided by 1*o/(t/(-18)).
5
Suppose 0*p = 2*p - 8. Suppose 0 = -p*y + 6 + 6. Suppose 3*h - 18 = -5*c, 7 = -4*c - y*h + 19. Calculate the remainder when 16 is divided by c.
4
Let v(t) = -t**2 + 9*t - 3. Let i be v(8). Suppose 0*d + 97 = 5*d - j, -i*d = 2*j - 91. What is the remainder when d is divided by 2/(18/14 - 1)?
5
Suppose 6*i - 34 - 38 = 0. Let g = -1 - -48. What is the remainder when g is divided by i?
11
Suppose 2*z + 8 + 6 = 0. Let b be (-20)/(-35)*z/(-2). Suppose 5*u = b*u + 12. What is the remainder when u is divided by 3?
1
Suppose -6 - 6 = -4*c - 3*u, 2*c = 2*u + 6. Suppose -j + 1 = g, -j + 7 = c*g + g. Calculate the remainder when 5 is divided by g.
1
Let i = 164 - 147. What is the remainder when 48 is divided by i?
14
Let t(b) = 3*b + 3. Let k be t(3). Let r = k - 4. Calculate the remainder when 15 is divided by r.
7
Suppose -4*g + 4*s - 3 = 121, -4*g + 5*s - 125 = 0. Let b = -33 - -64. What is the remainder when b is divided by ((-16)/5)/(6/g)?
15
Let t(q) = -q**3 + 7*q**2 + 2*q - 2. What is the remainder when 22 is divided by t(7)?
10
Let h(b) = -2*b + 4. Calculate the remainder when 6/(-21) + 804/21 is divided by h(-3).
8
Suppose -8*v + 16 = -6*v. Calculate the remainder when 61 is divided by v.
5
Suppose -5*a + 0*q - 3*q + 164 = 0, 5*a = 3*q + 146. Let i(k) = -2*k - 10. What is the remainder when a is divided by i(-9)?
7
Suppose -2*a + 158 = 28. Calculate the remainder when a is divided by 17.
14
Suppose -2*u + 57 = -6*u - 5*a, 45 = -3*u - 3*a. Let v = 27 + u. Let n = -24 + 41. Calculate the remainder when n is divided by v.
8
Suppose 11 + 29 = -5*u. Let p(n) = -n - 6. Let k be p(u). Suppose -2*m - k*m + 52 = 0. What is the remainder when m is divided by 5?
3
Suppose 0*b = -b + 7. Suppose -i + 36 = -b. Calculate the remainder when i is divided by 15.
13
Let m = -55 - -97. What is the remainder when 78 is divided by m?
36
Let r(p) = -p + 6. Let o(a) = -a + 5. Let q(i) = 6*o(i) - 5*r(i). Let t be -7 - (-1 + 2 - 0). Calculate the remainder when 15 is divided by q(t).
7
Suppose -h - 2*w - 8 + 116 = 0, -h + 3*w + 108 = 0. What is the remainder when h is divided by 11?
9
Let x(i) = -i**3 + 7*i**2 - 2*i - 1. Suppose d + 0 - 8 = 0. What is the remainder when x(6) is divided by d?
7
Let n(h) = 2*h**2 + 3*h - 4. Let m be n(-3). Suppose -m*a = -42 + 7. Calculate the remainder when a is divided by 3.
1
Let o = -18 - -24. What is the remainder when 7 is divided by o?
1
Let z be (2 + -1 - 14)*1. Let s = -8 - z. What is the remainder when ((-6)/(-2))/((-9)/(-24)) is divided by s?
3
Let o = -45 - -50. Calculate the remainder when 54 is divided by o.
4
Let x(d) be the third derivative of d**6/120 + d**5/15 - d**4/8 + d**3/6 - 5*d**2. Calculate the remainder when 54 is divided by x(2).
16
Suppose 4*m + 4*y = 152, 2*m + 0*y + 5*y = 85. What is the remainder when m is divided by ((-18)/4)/(63/(-168))?
11
Suppose 30 = -2*x - x + 3*l, 30 = -5*x + l. Let u = x + 9. Let s(k) = -k**3 + 5*k**2 - k - 5. What is the remainder when s(u) is divided by 4?
3
Let t = 2 - 0. Suppose t = -k + 31. Suppose 0*s + 5*l = -s + 5, 5*s - l = 77. Calculate the remainder when k is divided by s.
14
Suppose k = -3*w - 3, -7 = 2*k - 2*w - 1. Let m be (3/(-2))/(k/4). Suppose 2*f - 6*d = -d + 46, f = -m*d + 14. Calculate the remainder when f is divided by 10.
8
Let l = -10 - -21. Suppose -3*w + 2*w + h = -l, -5*w + 51 = -4*h. Calculate the remainder when w is divided by 3.
1
Calculate the remainder when 43 is divided by (-1 - -2)*(19 + 0).
5
Calculate the remainder when (2 - 1)*0 + (-90)/(-5) is divided by 5.
3
Suppose 2*y = 1 + 19. Calculate the remainder when (58/(-5))/(y/(-25)) is divided by 2/2 + -2 + 9.
5
Suppose -4*z - 4 = -4*v, -1 + 2 = 2*z - 3*v. Suppose 1 = 3*r + 7. Calculate the remainder when 12 is divided by r/(-8) - 27/z.
5
Suppose -w = -0*w + 4*s - 12, -s = 2*w - 3. Suppose 0*f - 5*f - 5 = 0, w = -2*d - 5*f + 21. Let i = 8 + -1. Calculate the remainder when d is divided by i.
6
Let k(j) be the third derivative of -j**5/60 + j**4/24 - 4*j**3 - 3*j**2. Let b be k(0). What is the remainder when 15 is divided by b/10*20/(-6)?
7
Let x(j) be the second derivative of j**4/2 + j**3/6 + j**2/2 + 3*j. What is the remainder when 15 is divided by x(-1)?
3
Let l = -6 + -6. Let v = -4 - l. What is the remainder when 31 is divided by v?
7
Let o(f) = 3*f**2 + 38*f - 3. What is the remainder when 17 is divided by o(-13)?
7
Let r = 11 + 16. Suppose -4*b = 3*b - 49. Calculate the remainder when r is divided by b.
6
Calculate the remainder when 148 is divided by 10/(-35) - (-144)/14.
8
Suppose 2*h = 11 + 31. What is the remainder when 79 is divided by h?
16
Let t = 15 + -11. Suppose n = -t*n. Suppose s - c - 9 = n, 2*s = -6*c + 2*c + 48. What is the remainder when s is divided by 8?
6
Suppose -105 = 6*r - 11*r. What is the remainder when 82 is divided by r?
19
Let y(a) = a**3 - 12*a**2 + 9*a + 3. What is the remainder when y(12) is divided by 19?
16
Suppose 0 = -0*m + 3*m - 57. What is the remainder when 35 is divided by m?
16
Let h(u) = 4*u**3 - 7*u + 1 + 0*u**3 + 6*u**2 - 3*u**3. Suppose -o - o - 14 = 0. What is the remainder when h(o) is divided by 1?
0
Calculate the remainder when (-3)/3 - (-25 + -1) is divided by 9.
7
Calculate the remainder when 2 + -1 + -4 - (2 + -35) is divided by 11.
8
Suppose -3*l + 0 - 3 = 0. Let f(s) = -s**2 + 15*s - 24. Calculate the remainder when f(13) is divided by (-1)/1 - (l + -2).
0
Suppose 0 = -5*n - 0*n - 5*f + 15, 20 = 4*n - 4*f. Calculate the remainder when 6/((-12)/(-2))*9 is divided by n.
1
Let l be 3/1*-1 - -8. Suppose l*j = -2*p + 45, -4*j - j + 3*p = -70. Calculate the remainder when 31 is divided by j.
9
Let f = 96 - 65. Let c be 0/(-3 - 0) + 10. Suppose 6*x = c*x - 64. Calculate the remainder when f is divided by x.
15
Let y = -31 + 95. What is the remainder when y is divided by 22?
20
What is the remainder when (6*17/3)/1 is divided by 5?
4
Let y = -13 - -18. Suppose 3*u - u - 10 = 0. Suppose -3*p - 4*c + 19 = -8, 0 = -u*p + 3*c + 74. What is the remainder when p is divided by y?
3
Let d(y) = 4*y**2 - 3*y + 2. Let n be d(5). Suppose 5*w = 4*u - 80, 0 = -5*u + 4*w - w + n. What is the remainder when 58 is divided by u?
13
Suppose -c + 5*c + 2 = 5*m, 3*c - 4*m = -2. Suppose -2*d + 30 = 5*b, d - 16 = -0*b - c*b. Calculate the remainder when d is divided by 12.
8
Suppose 2*j - z - 60 = z, 4*j = 5*z + 121. Calculate the remainder when j is divided by 2.
1
Let a(u) = u + 2. Let y be a(0). Let k = 5 - y. What is the remainder when 7 is divided by k?
1
Let z(k) = k**3 - 10*k**2 - 2*k + 23. Calculate the remainder when 8 is divided by z(10).
2
Let w(x) = 3*x**2 - 4*x - 1. Let z be w(-3). Suppose -3*q + 13 = -z. Calcu